{"id":7934,"date":"2024-07-08T10:55:01","date_gmt":"2024-07-08T10:55:01","guid":{"rendered":"https:\/\/okmakeyonline.com\/?post_type=product&#038;p=7934"},"modified":"2024-07-08T10:57:39","modified_gmt":"2024-07-08T10:57:39","slug":"devoluciones-de-amazon-ventiladores","status":"publish","type":"product","link":"https:\/\/okmakeyonline.com\/index.php\/producto\/devoluciones-de-amazon-ventiladores\/","title":{"rendered":"Devoluciones de Amazon Ventiladores"},"content":{"rendered":"<h1>Devoluciones de Amazon<\/h1>\n<p>Caja Sorpresa<\/p>\n<p>Recibe una caja sorpresa de 20 ventiladores de pie, de torre e industriales\u00a0 y m\u00e1s modelos\u2026<\/p>\n<p><strong>Todos nuestros productos provienen de devoluciones de Amazon por lo que se categorizan como de segunda mano pueden tener da\u00f1os est\u00e9ticos o faltar alg\u00fan accesorio, las im\u00e1genes son orientativas.<\/strong><\/p>\n<p><strong>NO SE ADMITEN DEVOLUCIONES<\/strong><\/p>\n","protected":false},"excerpt":{"rendered":"<p>Devoluciones de Amazon Caja Sorpresa Recibe una caja sorpresa de 20 ventiladores de pie, de torre e industriales\u00a0 y m\u00e1s modelos\u2026 Todos nuestros productos provienen de devoluciones de Amazon por lo que se categorizan como de segunda mano pueden tener da\u00f1os est\u00e9ticos o faltar alg\u00fan accesorio, las im\u00e1genes son orientativas. NO SE ADMITEN DEVOLUCIONES<\/p>\n","protected":false},"featured_media":7935,"comment_status":"open","ping_status":"closed","template":"","meta":{"_uag_custom_page_level_css":"","site-sidebar-layout":"default","site-content-layout":"default","ast-global-header-display":"","ast-main-header-display":"","ast-hfb-above-header-display":"","ast-hfb-below-header-display":"","ast-hfb-mobile-header-display":"","site-post-title":"","ast-breadcrumbs-content":"","ast-featured-img":"","footer-sml-layout":"","theme-transparent-header-meta":"default","adv-header-id-meta":"","stick-header-meta":"","header-above-stick-meta":"","header-main-stick-meta":"","header-below-stick-meta":""},"product_brand":[],"product_cat":[17,137],"product_tag":[],"class_list":{"0":"post-7934","1":"product","2":"type-product","3":"status-publish","4":"has-post-thumbnail","6":"product_cat-sin-categorizar","7":"product_cat-lotes","8":"desktop-align-center","9":"tablet-align-center","10":"mobile-align-center","12":"first","13":"instock","14":"sale","15":"featured","16":"taxable","17":"shipping-taxable","18":"purchasable","19":"product-type-simple"},"aioseo_notices":[],"uagb_featured_image_src":{"full":["https:\/\/okmakeyonline.com\/wp-content\/uploads\/2024\/07\/ventiladores.png",300,300,false],"thumbnail":["https:\/\/okmakeyonline.com\/wp-content\/uploads\/2024\/07\/ventiladores-150x150.png",150,150,true],"medium":["https:\/\/okmakeyonline.com\/wp-content\/uploads\/2024\/07\/ventiladores.png",300,300,false],"medium_large":["https:\/\/okmakeyonline.com\/wp-content\/uploads\/2024\/07\/ventiladores.png",300,300,false],"large":["https:\/\/okmakeyonline.com\/wp-content\/uploads\/2024\/07\/ventiladores.png",300,300,false],"1536x1536":["https:\/\/okmakeyonline.com\/wp-content\/uploads\/2024\/07\/ventiladores.png",300,300,false],"2048x2048":["https:\/\/okmakeyonline.com\/wp-content\/uploads\/2024\/07\/ventiladores.png",300,300,false],"woocommerce_thumbnail":["https:\/\/okmakeyonline.com\/wp-content\/uploads\/2024\/07\/ventiladores.png",300,300,false],"woocommerce_single":["https:\/\/okmakeyonline.com\/wp-content\/uploads\/2024\/07\/ventiladores.png",300,300,false],"woocommerce_gallery_thumbnail":["https:\/\/okmakeyonline.com\/wp-content\/uploads\/2024\/07\/ventiladores-100x100.png",100,100,true]},"uagb_author_info":{"display_name":"okmakey","author_link":"https:\/\/okmakeyonline.com\/index.php\/author\/"},"uagb_comment_info":0,"uagb_excerpt":"Devoluciones de Amazon Caja Sorpresa Recibe una caja sorpresa de 20 ventiladores de pie, de torre e industriales\u00a0 y m\u00e1s modelos\u2026 Todos nuestros productos provienen de devoluciones de Amazon por lo que se categorizan como de segunda mano pueden tener da\u00f1os est\u00e9ticos o faltar alg\u00fan accesorio, las im\u00e1genes son orientativas. NO SE ADMITEN DEVOLUCIONES","_links":{"self":[{"href":"https:\/\/okmakeyonline.com\/index.php\/wp-json\/wp\/v2\/product\/7934","targetHints":{"allow":["GET"]}}],"collection":[{"href":"https:\/\/okmakeyonline.com\/index.php\/wp-json\/wp\/v2\/product"}],"about":[{"href":"https:\/\/okmakeyonline.com\/index.php\/wp-json\/wp\/v2\/types\/product"}],"replies":[{"embeddable":true,"href":"https:\/\/okmakeyonline.com\/index.php\/wp-json\/wp\/v2\/comments?post=7934"}],"wp:featuredmedia":[{"embeddable":true,"href":"https:\/\/okmakeyonline.com\/index.php\/wp-json\/wp\/v2\/media\/7935"}],"wp:attachment":[{"href":"https:\/\/okmakeyonline.com\/index.php\/wp-json\/wp\/v2\/media?parent=7934"}],"wp:term":[{"taxonomy":"product_brand","embeddable":true,"href":"https:\/\/okmakeyonline.com\/index.php\/wp-json\/wp\/v2\/product_brand?post=7934"},{"taxonomy":"product_cat","embeddable":true,"href":"https:\/\/okmakeyonline.com\/index.php\/wp-json\/wp\/v2\/product_cat?post=7934"},{"taxonomy":"product_tag","embeddable":true,"href":"https:\/\/okmakeyonline.com\/index.php\/wp-json\/wp\/v2\/product_tag?post=7934"}],"curies":[{"name":"wp","href":"https:\/\/api.w.org\/{rel}","templated":true}]}}