{"id":7841,"date":"2023-10-04T09:33:34","date_gmt":"2023-10-04T09:33:34","guid":{"rendered":"https:\/\/okmakeyonline.com\/?post_type=product&#038;p=7841"},"modified":"2024-03-15T17:34:35","modified_gmt":"2024-03-15T17:34:35","slug":"impresora-hp-barata-como-nueva","status":"publish","type":"product","link":"https:\/\/okmakeyonline.com\/index.php\/producto\/impresora-hp-barata-como-nueva\/","title":{"rendered":"Impresora HP Segunda Mano"},"content":{"rendered":"<p id=\"title\" class=\"a-size-large a-spacing-none\"><span id=\"productTitle\" class=\"a-size-large product-title-word-break\">Impresora Multifunci\u00f3n HP OfficeJet Pro 9010e. <\/span>Imprime, escanea, copia y env\u00eda por fax; su velocidad m\u00e1xima de impresi\u00f3n es de 32 ppm en negro y de 32 ppm en color. Perfecta para peque\u00f1as empresas y uso domestico.<\/p>\n<p><strong>IMAGENES ORIENTATIVAS \u2013 PROVENIENTE DE DEVOLUCIONES DE AMAZON \u2013<\/strong><strong>COMO NUEVA EN SU CAJA ORIGINAL\u2013 PUEDE TENER EVIDENCIAS DE USO \u2013 O TENER ALGUNA TARA &#8211; CUALQUIER DUDA CONT\u00c1CTENOS ANTES DE COMPRAR.\u00a0<\/strong><\/p>\n","protected":false},"excerpt":{"rendered":"<p>Impresora Multifunci\u00f3n HP OfficeJet Pro 9010e. Imprime, escanea, copia y env\u00eda por fax; su velocidad m\u00e1xima de impresi\u00f3n es de 32 ppm en negro y de 32 ppm en color. Perfecta para peque\u00f1as empresas y uso domestico. IMAGENES ORIENTATIVAS \u2013 PROVENIENTE DE DEVOLUCIONES DE AMAZON \u2013COMO NUEVA EN SU CAJA ORIGINAL\u2013 PUEDE TENER EVIDENCIAS DE &hellip;<\/p>\n<p class=\"read-more\"> <a class=\"\" href=\"https:\/\/okmakeyonline.com\/index.php\/producto\/impresora-hp-barata-como-nueva\/\"> <span class=\"screen-reader-text\">Impresora HP Segunda Mano<\/span> Leer m\u00e1s &raquo;<\/a><\/p>\n","protected":false},"featured_media":7846,"comment_status":"open","ping_status":"closed","template":"","meta":{"_uag_custom_page_level_css":"","site-sidebar-layout":"default","site-content-layout":"default","ast-global-header-display":"","ast-main-header-display":"","ast-hfb-above-header-display":"","ast-hfb-below-header-display":"","ast-hfb-mobile-header-display":"","site-post-title":"","ast-breadcrumbs-content":"","ast-featured-img":"","footer-sml-layout":"","theme-transparent-header-meta":"default","adv-header-id-meta":"","stick-header-meta":"","header-above-stick-meta":"","header-main-stick-meta":"","header-below-stick-meta":""},"product_brand":[],"product_cat":[136,44],"product_tag":[],"class_list":{"0":"post-7841","1":"product","2":"type-product","3":"status-publish","4":"has-post-thumbnail","6":"product_cat-oficina","7":"product_cat-productos-variados","8":"desktop-align-center","9":"tablet-align-center","10":"mobile-align-center","12":"first","13":"instock","14":"sale","15":"taxable","16":"shipping-taxable","17":"purchasable","18":"product-type-simple"},"aioseo_notices":[],"uagb_featured_image_src":{"full":["https:\/\/okmakeyonline.com\/wp-content\/uploads\/2023\/10\/impresora-barata-1-1.jpg",525,400,false],"thumbnail":["https:\/\/okmakeyonline.com\/wp-content\/uploads\/2023\/10\/impresora-barata-1-1-150x150.jpg",150,150,true],"medium":["https:\/\/okmakeyonline.com\/wp-content\/uploads\/2023\/10\/impresora-barata-1-1-300x229.jpg",300,229,true],"medium_large":["https:\/\/okmakeyonline.com\/wp-content\/uploads\/2023\/10\/impresora-barata-1-1.jpg",525,400,false],"large":["https:\/\/okmakeyonline.com\/wp-content\/uploads\/2023\/10\/impresora-barata-1-1.jpg",525,400,false],"1536x1536":["https:\/\/okmakeyonline.com\/wp-content\/uploads\/2023\/10\/impresora-barata-1-1.jpg",525,400,false],"2048x2048":["https:\/\/okmakeyonline.com\/wp-content\/uploads\/2023\/10\/impresora-barata-1-1.jpg",525,400,false],"woocommerce_thumbnail":["https:\/\/okmakeyonline.com\/wp-content\/uploads\/2023\/10\/impresora-barata-1-1-300x300.jpg",300,300,true],"woocommerce_single":["https:\/\/okmakeyonline.com\/wp-content\/uploads\/2023\/10\/impresora-barata-1-1.jpg",525,400,false],"woocommerce_gallery_thumbnail":["https:\/\/okmakeyonline.com\/wp-content\/uploads\/2023\/10\/impresora-barata-1-1-100x100.jpg",100,100,true]},"uagb_author_info":{"display_name":"okmakey","author_link":"https:\/\/okmakeyonline.com\/index.php\/author\/"},"uagb_comment_info":0,"uagb_excerpt":"Impresora Multifunci\u00f3n HP OfficeJet Pro 9010e. Imprime, escanea, copia y env\u00eda por fax; su velocidad m\u00e1xima de impresi\u00f3n es de 32 ppm en negro y de 32 ppm en color. Perfecta para peque\u00f1as empresas y uso domestico. IMAGENES ORIENTATIVAS \u2013 PROVENIENTE DE DEVOLUCIONES DE AMAZON \u2013COMO NUEVA EN SU CAJA ORIGINAL\u2013 PUEDE TENER EVIDENCIAS DE&hellip;","_links":{"self":[{"href":"https:\/\/okmakeyonline.com\/index.php\/wp-json\/wp\/v2\/product\/7841","targetHints":{"allow":["GET"]}}],"collection":[{"href":"https:\/\/okmakeyonline.com\/index.php\/wp-json\/wp\/v2\/product"}],"about":[{"href":"https:\/\/okmakeyonline.com\/index.php\/wp-json\/wp\/v2\/types\/product"}],"replies":[{"embeddable":true,"href":"https:\/\/okmakeyonline.com\/index.php\/wp-json\/wp\/v2\/comments?post=7841"}],"wp:featuredmedia":[{"embeddable":true,"href":"https:\/\/okmakeyonline.com\/index.php\/wp-json\/wp\/v2\/media\/7846"}],"wp:attachment":[{"href":"https:\/\/okmakeyonline.com\/index.php\/wp-json\/wp\/v2\/media?parent=7841"}],"wp:term":[{"taxonomy":"product_brand","embeddable":true,"href":"https:\/\/okmakeyonline.com\/index.php\/wp-json\/wp\/v2\/product_brand?post=7841"},{"taxonomy":"product_cat","embeddable":true,"href":"https:\/\/okmakeyonline.com\/index.php\/wp-json\/wp\/v2\/product_cat?post=7841"},{"taxonomy":"product_tag","embeddable":true,"href":"https:\/\/okmakeyonline.com\/index.php\/wp-json\/wp\/v2\/product_tag?post=7841"}],"curies":[{"name":"wp","href":"https:\/\/api.w.org\/{rel}","templated":true}]}}