{"id":7809,"date":"2023-08-22T10:54:19","date_gmt":"2023-08-22T10:54:19","guid":{"rendered":"https:\/\/okmakeyonline.com\/?post_type=product&#038;p=7809"},"modified":"2024-03-15T17:56:51","modified_gmt":"2024-03-15T17:56:51","slug":"bicicleta-estatica-ultrasport-devoluciones-de-amazon","status":"publish","type":"product","link":"https:\/\/okmakeyonline.com\/index.php\/producto\/bicicleta-estatica-ultrasport-devoluciones-de-amazon\/","title":{"rendered":"Bicicleta Est\u00e1tica Ultrasport Devoluciones de Amazon"},"content":{"rendered":"<p>Ultrasport F-Bike 200B es un ordenador de entrenamiento LCD, tambi\u00e9n reconocida como bicicleta est\u00e1tica plegable, muy c\u00f3moda para movilizar, el peso m\u00e1ximo del usuario debe ser de 110 kg, tiene medici\u00f3n de la frecuencia card\u00edaca, 8 niveles de resistencia y porta toallas.<\/p>\n<p><strong>IMAGENES ORIENTATIVAS \u2013 PRODUCTO USADO\u00a0 PROVENIENTE DE DEVOLUCIONES DE AMAZON\u2013<\/strong>\u00a0<strong>COMO NUEVO \u2013 PUEDE TENER EVIDENCIAS DE USO,\u00a0 FALTAR ALGUN ACCESORIO \u2013 CUALQUIER DUDA CONT\u00c1CTENOS ANTES DE COMPRAR<\/strong><\/p>\n","protected":false},"excerpt":{"rendered":"<p>Ultrasport F-Bike 200B es un ordenador de entrenamiento LCD, tambi\u00e9n reconocida como bicicleta est\u00e1tica plegable, muy c\u00f3moda para movilizar, el peso m\u00e1ximo del usuario debe ser de 110 kg, tiene medici\u00f3n de la frecuencia card\u00edaca, 8 niveles de resistencia y porta toallas. IMAGENES ORIENTATIVAS \u2013 PRODUCTO USADO\u00a0 PROVENIENTE DE DEVOLUCIONES DE AMAZON\u2013\u00a0COMO NUEVO \u2013 PUEDE &hellip;<\/p>\n<p class=\"read-more\"> <a class=\"\" href=\"https:\/\/okmakeyonline.com\/index.php\/producto\/bicicleta-estatica-ultrasport-devoluciones-de-amazon\/\"> <span class=\"screen-reader-text\">Bicicleta Est\u00e1tica Ultrasport Devoluciones de Amazon<\/span> Leer m\u00e1s &raquo;<\/a><\/p>\n","protected":false},"featured_media":7810,"comment_status":"open","ping_status":"closed","template":"","meta":{"_uag_custom_page_level_css":"","site-sidebar-layout":"default","site-content-layout":"default","ast-global-header-display":"","ast-main-header-display":"","ast-hfb-above-header-display":"","ast-hfb-below-header-display":"","ast-hfb-mobile-header-display":"","site-post-title":"","ast-breadcrumbs-content":"","ast-featured-img":"","footer-sml-layout":"","theme-transparent-header-meta":"default","adv-header-id-meta":"","stick-header-meta":"","header-above-stick-meta":"","header-main-stick-meta":"","header-below-stick-meta":""},"product_brand":[],"product_cat":[77],"product_tag":[],"class_list":{"0":"post-7809","1":"product","2":"type-product","3":"status-publish","4":"has-post-thumbnail","6":"product_cat-deportes","7":"product_shipping_class-voluminosos","8":"desktop-align-center","9":"tablet-align-center","10":"mobile-align-center","12":"first","13":"instock","14":"sale","15":"taxable","16":"shipping-taxable","17":"purchasable","18":"product-type-simple"},"aioseo_notices":[],"uagb_featured_image_src":{"full":["https:\/\/okmakeyonline.com\/wp-content\/uploads\/2023\/08\/ULTRASPORT-1.jpg",301,450,false],"thumbnail":["https:\/\/okmakeyonline.com\/wp-content\/uploads\/2023\/08\/ULTRASPORT-1-150x150.jpg",150,150,true],"medium":["https:\/\/okmakeyonline.com\/wp-content\/uploads\/2023\/08\/ULTRASPORT-1-201x300.jpg",201,300,true],"medium_large":["https:\/\/okmakeyonline.com\/wp-content\/uploads\/2023\/08\/ULTRASPORT-1.jpg",301,450,false],"large":["https:\/\/okmakeyonline.com\/wp-content\/uploads\/2023\/08\/ULTRASPORT-1.jpg",301,450,false],"1536x1536":["https:\/\/okmakeyonline.com\/wp-content\/uploads\/2023\/08\/ULTRASPORT-1.jpg",301,450,false],"2048x2048":["https:\/\/okmakeyonline.com\/wp-content\/uploads\/2023\/08\/ULTRASPORT-1.jpg",301,450,false],"woocommerce_thumbnail":["https:\/\/okmakeyonline.com\/wp-content\/uploads\/2023\/08\/ULTRASPORT-1-300x300.jpg",300,300,true],"woocommerce_single":["https:\/\/okmakeyonline.com\/wp-content\/uploads\/2023\/08\/ULTRASPORT-1.jpg",301,450,false],"woocommerce_gallery_thumbnail":["https:\/\/okmakeyonline.com\/wp-content\/uploads\/2023\/08\/ULTRASPORT-1-100x100.jpg",100,100,true]},"uagb_author_info":{"display_name":"okmakey","author_link":"https:\/\/okmakeyonline.com\/index.php\/author\/"},"uagb_comment_info":0,"uagb_excerpt":"Ultrasport F-Bike 200B es un ordenador de entrenamiento LCD, tambi\u00e9n reconocida como bicicleta est\u00e1tica plegable, muy c\u00f3moda para movilizar, el peso m\u00e1ximo del usuario debe ser de 110 kg, tiene medici\u00f3n de la frecuencia card\u00edaca, 8 niveles de resistencia y porta toallas. IMAGENES ORIENTATIVAS \u2013 PRODUCTO USADO\u00a0 PROVENIENTE DE DEVOLUCIONES DE AMAZON\u2013\u00a0COMO NUEVO \u2013 PUEDE&hellip;","_links":{"self":[{"href":"https:\/\/okmakeyonline.com\/index.php\/wp-json\/wp\/v2\/product\/7809","targetHints":{"allow":["GET"]}}],"collection":[{"href":"https:\/\/okmakeyonline.com\/index.php\/wp-json\/wp\/v2\/product"}],"about":[{"href":"https:\/\/okmakeyonline.com\/index.php\/wp-json\/wp\/v2\/types\/product"}],"replies":[{"embeddable":true,"href":"https:\/\/okmakeyonline.com\/index.php\/wp-json\/wp\/v2\/comments?post=7809"}],"wp:featuredmedia":[{"embeddable":true,"href":"https:\/\/okmakeyonline.com\/index.php\/wp-json\/wp\/v2\/media\/7810"}],"wp:attachment":[{"href":"https:\/\/okmakeyonline.com\/index.php\/wp-json\/wp\/v2\/media?parent=7809"}],"wp:term":[{"taxonomy":"product_brand","embeddable":true,"href":"https:\/\/okmakeyonline.com\/index.php\/wp-json\/wp\/v2\/product_brand?post=7809"},{"taxonomy":"product_cat","embeddable":true,"href":"https:\/\/okmakeyonline.com\/index.php\/wp-json\/wp\/v2\/product_cat?post=7809"},{"taxonomy":"product_tag","embeddable":true,"href":"https:\/\/okmakeyonline.com\/index.php\/wp-json\/wp\/v2\/product_tag?post=7809"}],"curies":[{"name":"wp","href":"https:\/\/api.w.org\/{rel}","templated":true}]}}