{"id":7723,"date":"2023-07-10T11:43:31","date_gmt":"2023-07-10T11:43:31","guid":{"rendered":"https:\/\/okmakeyonline.com\/?post_type=product&#038;p=7723"},"modified":"2023-08-22T10:32:09","modified_gmt":"2023-08-22T10:32:09","slug":"altavoz-portatil-ibiza-sound-400","status":"publish","type":"product","link":"https:\/\/okmakeyonline.com\/index.php\/producto\/altavoz-portatil-ibiza-sound-400\/","title":{"rendered":"Altavoz port\u00e1til IBIZA SOUND 400"},"content":{"rendered":"<p><span class=\"a-list-item\">Altavoz port\u00e1til Ibiza Sound 400 con bater\u00eda de larga duraci\u00f3n integrada y 400W de potencia con excelente calidad de sonido. Incluye\u00a0 varios modos de animaci\u00f3n LED, incluido uno que se adapta al ritmo de la m\u00fasica.\u00a0<\/span><\/p>\n<p><strong>IMAGENES ORIENTATIVAS, PRODUCTO COMO NUEVO EN SU CAJA ORIGINAL Y CON TODOS LOS ACCESORIOS.\u00a0<\/strong><\/p>\n","protected":false},"excerpt":{"rendered":"<p>Altavoz port\u00e1til Ibiza Sound 400 con bater\u00eda de larga duraci\u00f3n integrada y 400W de potencia con excelente calidad de sonido. Incluye\u00a0 varios modos de animaci\u00f3n LED, incluido uno que se adapta al ritmo de la m\u00fasica.\u00a0 IMAGENES ORIENTATIVAS, PRODUCTO COMO NUEVO EN SU CAJA ORIGINAL Y CON TODOS LOS ACCESORIOS.\u00a0<\/p>\n","protected":false},"featured_media":7724,"comment_status":"open","ping_status":"closed","template":"","meta":{"_uag_custom_page_level_css":"","site-sidebar-layout":"default","site-content-layout":"default","ast-global-header-display":"","ast-main-header-display":"","ast-hfb-above-header-display":"","ast-hfb-below-header-display":"","ast-hfb-mobile-header-display":"","site-post-title":"","ast-breadcrumbs-content":"","ast-featured-img":"","footer-sml-layout":"","theme-transparent-header-meta":"default","adv-header-id-meta":"","stick-header-meta":"","header-above-stick-meta":"","header-main-stick-meta":"","header-below-stick-meta":""},"product_brand":[],"product_cat":[88],"product_tag":[],"class_list":{"0":"post-7723","1":"product","2":"type-product","3":"status-publish","4":"has-post-thumbnail","6":"product_cat-altavoces","7":"desktop-align-center","8":"tablet-align-center","9":"mobile-align-center","11":"first","12":"outofstock","13":"sale","14":"taxable","15":"shipping-taxable","16":"purchasable","17":"product-type-simple"},"aioseo_notices":[],"uagb_featured_image_src":{"full":["https:\/\/okmakeyonline.com\/wp-content\/uploads\/2023\/07\/ibiza-400.jpg",228,355,false],"thumbnail":["https:\/\/okmakeyonline.com\/wp-content\/uploads\/2023\/07\/ibiza-400-150x150.jpg",150,150,true],"medium":["https:\/\/okmakeyonline.com\/wp-content\/uploads\/2023\/07\/ibiza-400-193x300.jpg",193,300,true],"medium_large":["https:\/\/okmakeyonline.com\/wp-content\/uploads\/2023\/07\/ibiza-400.jpg",228,355,false],"large":["https:\/\/okmakeyonline.com\/wp-content\/uploads\/2023\/07\/ibiza-400.jpg",228,355,false],"1536x1536":["https:\/\/okmakeyonline.com\/wp-content\/uploads\/2023\/07\/ibiza-400.jpg",228,355,false],"2048x2048":["https:\/\/okmakeyonline.com\/wp-content\/uploads\/2023\/07\/ibiza-400.jpg",228,355,false],"woocommerce_thumbnail":["https:\/\/okmakeyonline.com\/wp-content\/uploads\/2023\/07\/ibiza-400-228x300.jpg",228,300,true],"woocommerce_single":["https:\/\/okmakeyonline.com\/wp-content\/uploads\/2023\/07\/ibiza-400.jpg",228,355,false],"woocommerce_gallery_thumbnail":["https:\/\/okmakeyonline.com\/wp-content\/uploads\/2023\/07\/ibiza-400-100x100.jpg",100,100,true]},"uagb_author_info":{"display_name":"okmakey","author_link":"https:\/\/okmakeyonline.com\/index.php\/author\/"},"uagb_comment_info":0,"uagb_excerpt":"Altavoz port\u00e1til Ibiza Sound 400 con bater\u00eda de larga duraci\u00f3n integrada y 400W de potencia con excelente calidad de sonido. Incluye\u00a0 varios modos de animaci\u00f3n LED, incluido uno que se adapta al ritmo de la m\u00fasica.\u00a0 IMAGENES ORIENTATIVAS, PRODUCTO COMO NUEVO EN SU CAJA ORIGINAL Y CON TODOS LOS ACCESORIOS.\u00a0","_links":{"self":[{"href":"https:\/\/okmakeyonline.com\/index.php\/wp-json\/wp\/v2\/product\/7723","targetHints":{"allow":["GET"]}}],"collection":[{"href":"https:\/\/okmakeyonline.com\/index.php\/wp-json\/wp\/v2\/product"}],"about":[{"href":"https:\/\/okmakeyonline.com\/index.php\/wp-json\/wp\/v2\/types\/product"}],"replies":[{"embeddable":true,"href":"https:\/\/okmakeyonline.com\/index.php\/wp-json\/wp\/v2\/comments?post=7723"}],"wp:featuredmedia":[{"embeddable":true,"href":"https:\/\/okmakeyonline.com\/index.php\/wp-json\/wp\/v2\/media\/7724"}],"wp:attachment":[{"href":"https:\/\/okmakeyonline.com\/index.php\/wp-json\/wp\/v2\/media?parent=7723"}],"wp:term":[{"taxonomy":"product_brand","embeddable":true,"href":"https:\/\/okmakeyonline.com\/index.php\/wp-json\/wp\/v2\/product_brand?post=7723"},{"taxonomy":"product_cat","embeddable":true,"href":"https:\/\/okmakeyonline.com\/index.php\/wp-json\/wp\/v2\/product_cat?post=7723"},{"taxonomy":"product_tag","embeddable":true,"href":"https:\/\/okmakeyonline.com\/index.php\/wp-json\/wp\/v2\/product_tag?post=7723"}],"curies":[{"name":"wp","href":"https:\/\/api.w.org\/{rel}","templated":true}]}}