{"id":7001,"date":"2022-12-19T19:26:37","date_gmt":"2022-12-19T19:26:37","guid":{"rendered":"https:\/\/okmakeyonline.com\/index.php\/producto\/auriculares-inalambricos-xiaomi-earphones-2-basic\/"},"modified":"2023-02-24T09:56:55","modified_gmt":"2023-02-24T09:56:55","slug":"auriculares-inalambricos-xiaomi-earphones-2-basic","status":"publish","type":"product","link":"https:\/\/okmakeyonline.com\/index.php\/producto\/auriculares-inalambricos-xiaomi-earphones-2-basic\/","title":{"rendered":"Auriculares inalambricos Xiaomi Earphones 2 Basic"},"content":{"rendered":"<p>Gracias al control del consumo de energ\u00eda del nuevo chip, los auriculares se pueden utilizar durante unas 5 horas con una sola carga completa y durante 20 horas en combinaci\u00f3n con el estuche de carga. La duraci\u00f3n de la bater\u00eda te permite escuchar m\u00fasica durante todo el d\u00eda. <strong>IMAGENES ORIENTATIVAS &#8211; PRODUCTO USADO &#8211;<\/strong> <strong>COMO NUEVO &#8211; PUEDE TENER EVIDENCIAS DE USO &#8211; CUALQUIER DUDA CONT\u00c1CTENOS ANTES DE COMPRAR<\/strong><\/p>\n","protected":false},"excerpt":{"rendered":"<p>Gracias al control del consumo de energ\u00eda del nuevo chip, los auriculares se pueden utilizar durante unas 5 horas con una sola carga completa y durante 20 horas en combinaci\u00f3n con el estuche de carga. La duraci\u00f3n de la bater\u00eda te permite escuchar m\u00fasica durante todo el d\u00eda. IMAGENES ORIENTATIVAS &#8211; PRODUCTO USADO &#8211; COMO &hellip;<\/p>\n<p class=\"read-more\"> <a class=\"\" href=\"https:\/\/okmakeyonline.com\/index.php\/producto\/auriculares-inalambricos-xiaomi-earphones-2-basic\/\"> <span class=\"screen-reader-text\">Auriculares inalambricos Xiaomi Earphones 2 Basic<\/span> Leer m\u00e1s &raquo;<\/a><\/p>\n","protected":false},"featured_media":6947,"comment_status":"open","ping_status":"closed","template":"","meta":{"_uag_custom_page_level_css":"","site-sidebar-layout":"default","site-content-layout":"default","ast-global-header-display":"","ast-main-header-display":"","ast-hfb-above-header-display":"","ast-hfb-below-header-display":"","ast-hfb-mobile-header-display":"","site-post-title":"","ast-breadcrumbs-content":"","ast-featured-img":"","footer-sml-layout":"","theme-transparent-header-meta":"default","adv-header-id-meta":"","stick-header-meta":"","header-above-stick-meta":"","header-main-stick-meta":"","header-below-stick-meta":""},"product_brand":[],"product_cat":[81,84],"product_tag":[],"class_list":{"0":"post-7001","1":"product","2":"type-product","3":"status-publish","4":"has-post-thumbnail","6":"product_cat-auriculares","7":"product_cat-regalos","8":"desktop-align-center","9":"tablet-align-center","10":"mobile-align-center","12":"first","13":"instock","14":"sale","15":"featured","16":"taxable","17":"shipping-taxable","18":"purchasable","19":"product-type-simple"},"aioseo_notices":[],"uagb_featured_image_src":{"full":["https:\/\/okmakeyonline.com\/wp-content\/uploads\/2022\/12\/basic2-2.jpg",429,392,false],"thumbnail":["https:\/\/okmakeyonline.com\/wp-content\/uploads\/2022\/12\/basic2-2-150x150.jpg",150,150,true],"medium":["https:\/\/okmakeyonline.com\/wp-content\/uploads\/2022\/12\/basic2-2-300x274.jpg",300,274,true],"medium_large":["https:\/\/okmakeyonline.com\/wp-content\/uploads\/2022\/12\/basic2-2.jpg",429,392,false],"large":["https:\/\/okmakeyonline.com\/wp-content\/uploads\/2022\/12\/basic2-2.jpg",429,392,false],"1536x1536":["https:\/\/okmakeyonline.com\/wp-content\/uploads\/2022\/12\/basic2-2.jpg",429,392,false],"2048x2048":["https:\/\/okmakeyonline.com\/wp-content\/uploads\/2022\/12\/basic2-2.jpg",429,392,false],"woocommerce_thumbnail":["https:\/\/okmakeyonline.com\/wp-content\/uploads\/2022\/12\/basic2-2-300x300.jpg",300,300,true],"woocommerce_single":["https:\/\/okmakeyonline.com\/wp-content\/uploads\/2022\/12\/basic2-2.jpg",429,392,false],"woocommerce_gallery_thumbnail":["https:\/\/okmakeyonline.com\/wp-content\/uploads\/2022\/12\/basic2-2-100x100.jpg",100,100,true]},"uagb_author_info":{"display_name":"okmakey","author_link":"https:\/\/okmakeyonline.com\/index.php\/author\/"},"uagb_comment_info":0,"uagb_excerpt":"Gracias al control del consumo de energ\u00eda del nuevo chip, los auriculares se pueden utilizar durante unas 5 horas con una sola carga completa y durante 20 horas en combinaci\u00f3n con el estuche de carga. La duraci\u00f3n de la bater\u00eda te permite escuchar m\u00fasica durante todo el d\u00eda. IMAGENES ORIENTATIVAS &#8211; PRODUCTO USADO &#8211; COMO&hellip;","_links":{"self":[{"href":"https:\/\/okmakeyonline.com\/index.php\/wp-json\/wp\/v2\/product\/7001","targetHints":{"allow":["GET"]}}],"collection":[{"href":"https:\/\/okmakeyonline.com\/index.php\/wp-json\/wp\/v2\/product"}],"about":[{"href":"https:\/\/okmakeyonline.com\/index.php\/wp-json\/wp\/v2\/types\/product"}],"replies":[{"embeddable":true,"href":"https:\/\/okmakeyonline.com\/index.php\/wp-json\/wp\/v2\/comments?post=7001"}],"wp:featuredmedia":[{"embeddable":true,"href":"https:\/\/okmakeyonline.com\/index.php\/wp-json\/wp\/v2\/media\/6947"}],"wp:attachment":[{"href":"https:\/\/okmakeyonline.com\/index.php\/wp-json\/wp\/v2\/media?parent=7001"}],"wp:term":[{"taxonomy":"product_brand","embeddable":true,"href":"https:\/\/okmakeyonline.com\/index.php\/wp-json\/wp\/v2\/product_brand?post=7001"},{"taxonomy":"product_cat","embeddable":true,"href":"https:\/\/okmakeyonline.com\/index.php\/wp-json\/wp\/v2\/product_cat?post=7001"},{"taxonomy":"product_tag","embeddable":true,"href":"https:\/\/okmakeyonline.com\/index.php\/wp-json\/wp\/v2\/product_tag?post=7001"}],"curies":[{"name":"wp","href":"https:\/\/api.w.org\/{rel}","templated":true}]}}