{"id":6932,"date":"2022-12-14T11:33:03","date_gmt":"2022-12-14T11:33:03","guid":{"rendered":"https:\/\/okmakeyonline.com\/index.php\/producto\/piano-rockjam-con-teclado-de-61-teclas\/"},"modified":"2023-03-31T15:39:13","modified_gmt":"2023-03-31T15:39:13","slug":"piano-rockjam-con-teclado-de-61-teclas","status":"publish","type":"product","link":"https:\/\/okmakeyonline.com\/index.php\/producto\/piano-rockjam-con-teclado-de-61-teclas\/","title":{"rendered":"Piano RockJam con teclado de 61 teclas"},"content":{"rendered":"<p>Piano RockJam con teclado de 61 teclas con inflexi\u00f3n de tono, fuente de alimentaci\u00f3n, soporte para partituras, pegatinas para notas de piano y lecciones de piano. USADO, DETALLES EST\u00c9TICOS EN PEGATINAS DE TECLAS<\/p>\n","protected":false},"excerpt":{"rendered":"<p>Piano RockJam con teclado de 61 teclas con inflexi\u00f3n de tono, fuente de alimentaci\u00f3n, soporte para partituras, pegatinas para notas de piano y lecciones de piano. USADO, DETALLES EST\u00c9TICOS EN PEGATINAS DE TECLAS<\/p>\n","protected":false},"featured_media":6901,"comment_status":"open","ping_status":"closed","template":"","meta":{"_uag_custom_page_level_css":"","site-sidebar-layout":"default","site-content-layout":"default","ast-global-header-display":"","ast-main-header-display":"","ast-hfb-above-header-display":"","ast-hfb-below-header-display":"","ast-hfb-mobile-header-display":"","site-post-title":"","ast-breadcrumbs-content":"","ast-featured-img":"","footer-sml-layout":"","theme-transparent-header-meta":"","adv-header-id-meta":"","stick-header-meta":"","header-above-stick-meta":"","header-main-stick-meta":"","header-below-stick-meta":""},"product_brand":[],"product_cat":[41],"product_tag":[],"class_list":{"0":"post-6932","1":"product","2":"type-product","3":"status-publish","4":"has-post-thumbnail","6":"product_cat-musica","7":"desktop-align-center","8":"tablet-align-center","9":"mobile-align-center","11":"first","12":"instock","13":"sale","14":"featured","15":"taxable","16":"shipping-taxable","17":"purchasable","18":"product-type-simple"},"aioseo_notices":[],"uagb_featured_image_src":{"full":["https:\/\/okmakeyonline.com\/wp-content\/uploads\/2022\/12\/461-1.jpeg",1200,1600,false],"thumbnail":["https:\/\/okmakeyonline.com\/wp-content\/uploads\/2022\/12\/461-1-150x150.jpeg",150,150,true],"medium":["https:\/\/okmakeyonline.com\/wp-content\/uploads\/2022\/12\/461-1-225x300.jpeg",225,300,true],"medium_large":["https:\/\/okmakeyonline.com\/wp-content\/uploads\/2022\/12\/461-1-768x1024.jpeg",768,1024,true],"large":["https:\/\/okmakeyonline.com\/wp-content\/uploads\/2022\/12\/461-1-768x1024.jpeg",768,1024,true],"1536x1536":["https:\/\/okmakeyonline.com\/wp-content\/uploads\/2022\/12\/461-1-1152x1536.jpeg",1152,1536,true],"2048x2048":["https:\/\/okmakeyonline.com\/wp-content\/uploads\/2022\/12\/461-1.jpeg",1200,1600,false],"woocommerce_thumbnail":["https:\/\/okmakeyonline.com\/wp-content\/uploads\/2022\/12\/461-1-300x300.jpeg",300,300,true],"woocommerce_single":["https:\/\/okmakeyonline.com\/wp-content\/uploads\/2022\/12\/461-1-600x800.jpeg",600,800,true],"woocommerce_gallery_thumbnail":["https:\/\/okmakeyonline.com\/wp-content\/uploads\/2022\/12\/461-1-100x100.jpeg",100,100,true]},"uagb_author_info":{"display_name":"okmakey","author_link":"https:\/\/okmakeyonline.com\/index.php\/author\/"},"uagb_comment_info":0,"uagb_excerpt":"Piano RockJam con teclado de 61 teclas con inflexi\u00f3n de tono, fuente de alimentaci\u00f3n, soporte para partituras, pegatinas para notas de piano y lecciones de piano. USADO, DETALLES EST\u00c9TICOS EN PEGATINAS DE TECLAS","_links":{"self":[{"href":"https:\/\/okmakeyonline.com\/index.php\/wp-json\/wp\/v2\/product\/6932","targetHints":{"allow":["GET"]}}],"collection":[{"href":"https:\/\/okmakeyonline.com\/index.php\/wp-json\/wp\/v2\/product"}],"about":[{"href":"https:\/\/okmakeyonline.com\/index.php\/wp-json\/wp\/v2\/types\/product"}],"replies":[{"embeddable":true,"href":"https:\/\/okmakeyonline.com\/index.php\/wp-json\/wp\/v2\/comments?post=6932"}],"wp:featuredmedia":[{"embeddable":true,"href":"https:\/\/okmakeyonline.com\/index.php\/wp-json\/wp\/v2\/media\/6901"}],"wp:attachment":[{"href":"https:\/\/okmakeyonline.com\/index.php\/wp-json\/wp\/v2\/media?parent=6932"}],"wp:term":[{"taxonomy":"product_brand","embeddable":true,"href":"https:\/\/okmakeyonline.com\/index.php\/wp-json\/wp\/v2\/product_brand?post=6932"},{"taxonomy":"product_cat","embeddable":true,"href":"https:\/\/okmakeyonline.com\/index.php\/wp-json\/wp\/v2\/product_cat?post=6932"},{"taxonomy":"product_tag","embeddable":true,"href":"https:\/\/okmakeyonline.com\/index.php\/wp-json\/wp\/v2\/product_tag?post=6932"}],"curies":[{"name":"wp","href":"https:\/\/api.w.org\/{rel}","templated":true}]}}