{"id":6271,"date":"2022-10-21T18:18:45","date_gmt":"2022-10-21T18:18:45","guid":{"rendered":"http:\/\/okmakeyonline.com\/?page_id=6271"},"modified":"2023-02-17T12:49:44","modified_gmt":"2023-02-17T12:49:44","slug":"politica-de-cookies","status":"publish","type":"page","link":"https:\/\/okmakeyonline.com\/index.php\/politica-de-cookies\/","title":{"rendered":"Pol\u00edtica de cookies"},"content":{"rendered":"\n<ol type=\"1\" class=\"has-medium-font-size wp-block-list\"><li><strong>\u00bfQU\u00c9 SON LAS COOKIES?<\/strong><\/li><\/ol>\n\n\n\n<p>Las cookies y otras tecnolog\u00edas similares, tales como los local shared objects, las flash cookies o los p\u00edxeles, son herramientas empleadas por los servidores Web para almacenar y recuperar informaci\u00f3n acerca de sus visitantes, as\u00ed como para ofrecer un correcto funcionamiento del sitio.<\/p>\n\n\n\n<p>Mediante el uso de estos dispositivos se permite al servidor Web recordar algunos datos concernientes al usuario, como sus preferencias para la visualizaci\u00f3n de las p\u00e1ginas de ese servidor, nombre y contrase\u00f1a, productos que m\u00e1s le interesan, etc.<\/p>\n\n\n\n<ol start=\"2\" class=\"has-medium-font-size wp-block-list\"><li><strong>TIPOS DE COOKIES EN EL SITIO WEB<\/strong><\/li><\/ol>\n\n\n\n<ul class=\"wp-block-list\"><li><strong>SEG\u00daN LA FINALIDAD:<\/strong><\/li><\/ul>\n\n\n\n<p><strong>Cookies t\u00e9cnicas y funcionales<\/strong>: son aquellas que permiten al usuario la navegaci\u00f3n a trav\u00e9s de una p\u00e1gina web, plataforma o aplicaci\u00f3n y la utilizaci\u00f3n de las diferentes opciones o servicios que en ella existan.<\/p>\n\n\n\n<p><strong>Cookies anal\u00edticas<\/strong>: son aquellas que permiten al responsable de las mismas el seguimiento y an\u00e1lisis del comportamiento de los usuarios de los sitios web a los que est\u00e1n vinculadas. La informaci\u00f3n recogida mediante este tipo de cookies se utiliza en la medici\u00f3n de la actividad de los sitios web, aplicaci\u00f3n o plataforma y para la elaboraci\u00f3n de perfiles de navegaci\u00f3n de los usuarios de dichos sitios, aplicaciones y plataformas, con el fin de introducir mejoras en funci\u00f3n del an\u00e1lisis de los datos de uso que hacen los usuarios del servicio.<\/p>\n\n\n\n<p><strong>Cookies publicitarias: <\/strong>son aquellas que permiten la gesti\u00f3n, de la forma m\u00e1s eficaz posible, de los espacios publicitarios que, en su caso, el editor haya incluido en una p\u00e1gina web, aplicaci\u00f3n o plataforma desde la que presta el servicio solicitado en base a criterios como el contenido editado o la frecuencia en la que se muestran los anuncios.<\/p>\n\n\n\n<ul class=\"wp-block-list\"><li><strong>SEG\u00daN LA PROPIEDAD:<\/strong><\/li><\/ul>\n\n\n\n<p><strong>Cookies<\/strong> <strong>propias<\/strong>: son aquellas que se env\u00edan al equipo terminal del usuario desde un equipo o dominio gestionado por el propio editor y desde el que se presta el servicio solicitado por el usuario.<\/p>\n\n\n\n<p><strong>Cookies<\/strong> <strong>de terceros: <\/strong>son aquellas que se env\u00edan al equipo terminal del usuario desde un equipo o dominio que no es gestionado por el editor, sino por otra entidad que trata los datos obtenidos trav\u00e9s de las cookies.<\/p>\n\n\n\n<p>Para acceder a los contenidos de terceros, los usuarios deber\u00e1n aceptar previamente las condiciones que estos aplican. Si los usuarios optan por no acceder a esos contenidos, estas cookies de terceros no se instalar\u00e1n en sus dispositivos.<\/p>\n\n\n\n<ul class=\"wp-block-list\"><li><strong>SEG\u00daN EL PLAZO DE CONSERVACI\u00d3N:<\/strong><\/li><\/ul>\n\n\n\n<p><strong>Cookies<\/strong> <strong>de sesi\u00f3n: <\/strong>son un tipo de cookies dise\u00f1adas para recabar y almacenar datos mientras el usuario accede a una p\u00e1gina web.<\/p>\n\n\n\n<p><strong>Cookies<\/strong> <strong>persistentes: <\/strong>son un tipo de cookies en el que los datos siguen almacenados en el terminal y pueden ser accedidos y tratados durante un per\u00edodo definido por el responsable de la cookie, y que puede ir de unos minutos a varios a\u00f1os.<\/p>\n\n\n\n<ol start=\"3\" class=\"has-medium-font-size wp-block-list\"><li><strong>TRATAMIENTO DE DATOS PERSONALES<\/strong><\/li><\/ol>\n\n\n\n<p>Alberto Yuste Garc\u00eda es el <strong>Responsable del tratamiento <\/strong>de los datos personales del <strong>Interesado <\/strong>y le informa de que estos datos ser\u00e1n tratados de conformidad con la legislaci\u00f3n vigente, por lo que se le facilita la siguiente informaci\u00f3n del tratamiento:<\/p>\n\n\n\n<p><strong>Fines del tratamiento: <\/strong>seg\u00fan se especifica en el apartado 5 sobre informaci\u00f3n de la instalaci\u00f3n de cookies en este Sitio Web.<\/p>\n\n\n\n<p><strong>Legitimaci\u00f3n del tratamiento<\/strong>: por consentimiento del interesado (art. 6.1 GDPR).<\/p>\n\n\n\n<p><strong>Criterios de conservaci\u00f3n de los datos<\/strong>: seg\u00fan se especifica en el apartado de cookies utilizadas en la web.<\/p>\n\n\n\n<p><strong>Comunicaci\u00f3n de los datos<\/strong>: no se comunicar\u00e1n los datos a terceros, excepto en cookies propiedad de terceros o por obligaci\u00f3n legal.<\/p>\n\n\n\n<p><strong>Derechos que asisten al Interesado<\/strong>: (I) Derecho a retirar el consentimiento en cualquier momento; (II) Derecho de acceso, rectificaci\u00f3n, portabilidad y supresi\u00f3n de sus datos y a la limitaci\u00f3n u oposici\u00f3n a su tratamiento y (III) Derecho a presentar una reclamaci\u00f3n ante la Autoridad de control (www.aepd.es) si considera que el tratamiento no se ajusta a la normativa vigente.<\/p>\n\n\n\n<ol start=\"4\" class=\"has-medium-font-size wp-block-list\"><li><strong>DATOS DE CONTACTO PARA EJERCER SUS DERECHOS:<\/strong><\/li><\/ol>\n\n\n\n<ul class=\"wp-block-list\"><li>Okmakey<\/li><li>Carretera Soria Plasencia N-110 Km 261,6<\/li><li>05192, La Colilla-\u00c1vila\u00a0<\/li><li>Email: <a href=\"mailto:info@okmakeyonline.com\">info@okmakeyonline.com<\/a><\/li><\/ul>\n\n\n\n<p><\/p>\n\n\n\n<ol start=\"5\" class=\"has-medium-font-size wp-block-list\"><li><strong>INFORMACI\u00d3N SOBRE LA INSTALACI\u00d3N DE COOKIES EN EL SITIO WEB<\/strong><\/li><\/ol>\n\n\n\n<p><strong>Cookies propias:<\/strong><\/p>\n\n\n\n<p><strong>Nombre de la cookie:\u00a0nsid<\/strong><\/p>\n\n\n\n<p>Duraci\u00f3n: sesi\u00f3n<\/p>\n\n\n\n<p>Categor\u00eda: sesi\u00f3n<\/p>\n\n\n\n<p>Descripci\u00f3n: utilizada en relaci\u00f3n con funci\u00f3n de pago v\u00eda PayPal<\/p>\n\n\n\n<p><strong>Nombre de la cookie:\u00a0CookieConsent<\/strong><\/p>\n\n\n\n<p>Duraci\u00f3n: 37 a\u00f1os<\/p>\n\n\n\n<p>Categor\u00eda: sesi\u00f3n<\/p>\n\n\n\n<p>Descripci\u00f3n: almacena el estado de consentimiento de cookies del usuario<\/p>\n\n\n\n<p><strong>Nombre de la cookie:\u00a0__stripe_sid<\/strong><\/p>\n\n\n\n<p>Duraci\u00f3n: 1 d\u00eda<\/p>\n\n\n\n<p>Categor\u00eda: sesi\u00f3n<\/p>\n\n\n\n<p>Descripci\u00f3n: necesaria para realizar transacciones con tarjetas de cr\u00e9dito en la web<\/p>\n\n\n\n<p><strong>Nombre de la cookie:\u00a0__stripe_mid<\/strong><\/p>\n\n\n\n<p>Duraci\u00f3n: 1 a\u00f1o<\/p>\n\n\n\n<p>Categor\u00eda: sesi\u00f3n<\/p>\n\n\n\n<p>Descripci\u00f3n: necesaria para realizar transacciones con tarjetas de cr\u00e9dito en la web<\/p>\n\n\n\n<p><strong>Nombre de la cookie:\u00a0ppcp-data-client-id<\/strong><\/p>\n\n\n\n<p>Duraci\u00f3n: sesi\u00f3n<\/p>\n\n\n\n<p>Categor\u00eda: sesi\u00f3n<\/p>\n\n\n\n<p>Descripci\u00f3n: utilizada en relaci\u00f3n con la funci\u00f3n de pago v\u00eda Paypal en la web<\/p>\n\n\n\n<p><strong>Cookies de terceros:<\/strong><\/p>\n\n\n\n<p><strong>Nombre de la cookie:\u00a0m.stripe.network<\/strong><\/p>\n\n\n\n<p>Duraci\u00f3n: sesi\u00f3n<\/p>\n\n\n\n<p>Categor\u00eda: sesi\u00f3n<\/p>\n\n\n\n<p>Descripci\u00f3n: registra datos del comportamiento del visitante en la web<\/p>\n\n\n\n<p><strong>Nombre de la cookie:\u00a0collect<\/strong><\/p>\n\n\n\n<p>Duraci\u00f3n: sesi\u00f3n<\/p>\n\n\n\n<p>Categor\u00eda: pixel<\/p>\n\n\n\n<p>Descripci\u00f3n: env\u00eda datos a Google Analytics<\/p>\n\n\n\n<p class=\"has-medium-font-size\"><strong>\u00bfC\u00d3MO DESACTIVAR COOKIES?<\/strong><\/p>\n\n\n\n<p>Puede permitir, bloquear o eliminar las cookies instaladas en su equipo mediante la configuraci\u00f3n de las opciones del navegador instalado en su ordenador.<\/p>\n\n\n\n<ul class=\"wp-block-list\"><li>Firefox:<a href=\"https:\/\/support.mozilla.org\/es\/kb\/habilitar-y-deshabilitar-cookies-sitios-web-rastrear-preferencias?redirectlocale=es&amp;redirectslug=habilitar-y-deshabilitar-cookies-que-los-sitios-we\">https:\/\/support.mozilla.org\/es\/kb\/habilitar-y-deshabilitar-cookies-sitios-web-rastrear-preferencias?redirectlocale=es&amp;redirectslug=habilitar-y-deshabilitar-cookies-que-los-sitios-we<\/a><ul><li>Mozilla: <a href=\"http:\/\/support.mozilla.org\/es\/kb\/Borrar%20cookies\">http:\/\/support.mozilla.org\/es\/kb\/Borrar%20cookies<\/a><\/li><\/ul><\/li><li>Chrome:&nbsp;<a href=\"https:\/\/support.google.com\/chrome\/answer\/95647?hl=es\">https:\/\/support.google.com\/chrome\/answer\/95647?hl=es<\/a><\/li><li>Internet Explorer:&nbsp;<a href=\"https:\/\/support.microsoft.com\/es-es\/help\/17442\/windows-internet-explorer-delete-manage-cookies\">https:\/\/support.microsoft.com\/es-es\/help\/17442\/windows-internet-explorer-delete-manage-cookies<\/a><\/li><\/ul>\n\n\n\n<ul class=\"wp-block-list\"><li>Safari para iOS:&nbsp;<a href=\"https:\/\/support.apple.com\/es-es\/HT201265\">https:\/\/support.apple.com\/es-es\/HT201265<\/a><\/li><li>Opera:&nbsp;<a href=\"https:\/\/help.opera.com\/en\/latest\/web-preferences\/#cookies\">https:\/\/help.opera.com\/en\/latest\/web-preferences\/#cookies<\/a><\/li><\/ul>\n\n\n\n<p><a id=\"_msocom_1\"><\/a><\/p>\n\n\n\n<p><\/p>\n","protected":false},"excerpt":{"rendered":"<p>\u00bfQU\u00c9 SON LAS COOKIES? Las cookies y otras tecnolog\u00edas similares, tales como los local shared objects, las flash cookies o los p\u00edxeles, son herramientas empleadas por los servidores Web para almacenar y recuperar informaci\u00f3n acerca de sus visitantes, as\u00ed como para ofrecer un correcto funcionamiento del sitio. Mediante el uso de estos dispositivos se permite &hellip;<\/p>\n<p class=\"read-more\"> <a class=\"\" href=\"https:\/\/okmakeyonline.com\/index.php\/politica-de-cookies\/\"> <span class=\"screen-reader-text\">Pol\u00edtica de cookies<\/span> Leer m\u00e1s &raquo;<\/a><\/p>\n","protected":false},"author":1,"featured_media":0,"parent":0,"menu_order":0,"comment_status":"closed","ping_status":"closed","template":"","meta":{"_uag_custom_page_level_css":"","site-sidebar-layout":"default","site-content-layout":"default","ast-global-header-display":"","ast-main-header-display":"","ast-hfb-above-header-display":"","ast-hfb-below-header-display":"","ast-hfb-mobile-header-display":"","site-post-title":"","ast-breadcrumbs-content":"","ast-featured-img":"","footer-sml-layout":"","theme-transparent-header-meta":"","adv-header-id-meta":"","stick-header-meta":"","header-above-stick-meta":"","header-main-stick-meta":"","header-below-stick-meta":"","footnotes":""},"class_list":["post-6271","page","type-page","status-publish","hentry"],"aioseo_notices":[],"uagb_featured_image_src":{"full":false,"thumbnail":false,"medium":false,"medium_large":false,"large":false,"1536x1536":false,"2048x2048":false,"woocommerce_thumbnail":false,"woocommerce_single":false,"woocommerce_gallery_thumbnail":false},"uagb_author_info":{"display_name":"okmakey","author_link":"https:\/\/okmakeyonline.com\/index.php\/author\/okmakey\/"},"uagb_comment_info":0,"uagb_excerpt":"\u00bfQU\u00c9 SON LAS COOKIES? Las cookies y otras tecnolog\u00edas similares, tales como los local shared objects, las flash cookies o los p\u00edxeles, son herramientas empleadas por los servidores Web para almacenar y recuperar informaci\u00f3n acerca de sus visitantes, as\u00ed como para ofrecer un correcto funcionamiento del sitio. Mediante el uso de estos dispositivos se permite&hellip;","_links":{"self":[{"href":"https:\/\/okmakeyonline.com\/index.php\/wp-json\/wp\/v2\/pages\/6271","targetHints":{"allow":["GET"]}}],"collection":[{"href":"https:\/\/okmakeyonline.com\/index.php\/wp-json\/wp\/v2\/pages"}],"about":[{"href":"https:\/\/okmakeyonline.com\/index.php\/wp-json\/wp\/v2\/types\/page"}],"author":[{"embeddable":true,"href":"https:\/\/okmakeyonline.com\/index.php\/wp-json\/wp\/v2\/users\/1"}],"replies":[{"embeddable":true,"href":"https:\/\/okmakeyonline.com\/index.php\/wp-json\/wp\/v2\/comments?post=6271"}],"version-history":[{"count":6,"href":"https:\/\/okmakeyonline.com\/index.php\/wp-json\/wp\/v2\/pages\/6271\/revisions"}],"predecessor-version":[{"id":7129,"href":"https:\/\/okmakeyonline.com\/index.php\/wp-json\/wp\/v2\/pages\/6271\/revisions\/7129"}],"wp:attachment":[{"href":"https:\/\/okmakeyonline.com\/index.php\/wp-json\/wp\/v2\/media?parent=6271"}],"curies":[{"name":"wp","href":"https:\/\/api.w.org\/{rel}","templated":true}]}}